nits digit of k?
6
Let v(g) = -2*g. Let h = -5 + 12. Let a be v(h). Let b = 34 + a. What is the units digit of b?
0
Let r = -435 - -180. Let a = -116 - r. What is the units digit of a?
9
Suppose -10*f + 1101 = -139. What is the tens digit of f?
2
What is the units digit of 150/(-200) + (-11103)/(-4)?
5
Suppose -62031 = -15*l - 16*l. What is the hundreds digit of l?
0
Suppose 2*d = q + 1415, 0 = d + 8*q - 10*q - 706. What is the tens digit of d?
0
Let t(w) = w**3 + 15*w**2 + 11*w - 12. Let j be t(-14). Let f = j - 74. Let r = f + 63. What is the tens digit of r?
1
Suppose 253 - 43 = 5*p. Let y = p - 41. What is the units digit of y?
1
Let x be -1*(9/3 - 1)/(-2). What is the units digit of x - (741/(-9) + (-2)/(-6))?
3
Suppose 5*y = -3*t - 37, 4*t - y = -0 - 34. Let o(g) = g + 13. Let b be o(t). Suppose -5*r + b*r + 4*z = -3, 2*z - 51 = -3*r. What is the tens digit of r?
1
Suppose 5*z + 2*c = 1475, -2*z - 2*c - 576 = -4*z. What is the units digit of z?
3
What is the tens digit of (35 + 211)/((-6)/(-4))?
6
Suppose 2218 = 23*u + 217. What is the tens digit of u?
8
Let q(h) = -13*h + 59. What is the tens digit of q(-6)?
3
Suppose -8*i = -7*i - 20. Suppose -n = -i*n + 836. What is the tens digit of n?
4
Suppose -60*t + 55*t = -15. Suppose 3*m - p - 455 = -53, -3*p - 396 = -t*m. What is the hundreds digit of m?
1
Suppose -5*b - 50 = -5*a, -4*a + 0*a + 28 = -2*b. Let r(s) = -5*s**3 - 27*s**2 - 5*s + 6. What is the tens digit of r(b)?
4
Suppose 0 = 2*g - 1 - 5. Suppose 10 = -g*c - 8. What is the units digit of ((-20)/15)/(c/117)?
6
Let v = 8 + -24. Let h(q) = q**2 + 5*q - 43. What is the units digit of h(v)?
3
Let v be 10*(21/(-6) - -4) + -3. Suppose -3*z + 3*g = -285, v*z + 3*g + 2*g = 225. What is the hundreds digit of z?
1
Let x(o) = -o**3 + 24*o**2 - 30*o + 45. What is the units digit of x(19)?
0
Let c be (420/(-175))/(3/(-20)). Suppose 0 = d + 2, 2*m - 3 + 15 = -2*d. Let b = c - m. What is the tens digit of b?
2
Let m(j) = -14*j - 8. Let d be m(3). Let t = d - -91. What is the units digit of t?
1
Let y(p) = 294*p**3 + p**2 - 2*p + 2. Let x be y(1). Suppose -6*u + 35 = -x. What is the units digit of u?
5
Let x = 1315 + -405. What is the units digit of x?
0
What is the tens digit of -2 - (3 + -3 + -1484)?
8
Let y(i) = -7*i**3 - 3*i**2 + i + 7. Let c(h) = 8*h**3 + 4*h**2 - 8. Let m(g) = 4*c(g) + 5*y(g). What is the units digit of m(-2)?
1
Let u(h) = 50*h**3 - 4*h - 3. Let l be u(-1). Let c = l - -77. What is the tens digit of c?
2
Let v(z) = -5*z - 4. Let p(t) = t**3 + 5*t**2 - 8*t - 9. Let c be p(-6). Suppose 12 + c = -3*x. What is the tens digit of v(x)?
2
Let g(k) = -7 - 22*k + 10*k + 8*k. What is the tens digit of g(-5)?
1
Suppose -3*l - 2369 - 3397 = -2*c, -c + l = -2885. What is the tens digit of c?
8
Let o(k) = k**3 + 21*k**2 + 24*k + 20. Let g be o(-20). What is the units digit of (9/2)/((-5)/g) + -2?
2
Let o(f) = 3*f - 5. Let z be o(9). Suppose x - z = -4. What is the tens digit of x?
1
Let w = 1511 - -115. What is the thousands digit of w?
1
Suppose -16*g + 3914 = -6486. What is the hundreds digit of g?
6
Suppose 4*q - 2*y = 207 - 57, -q = -3*y - 35. Let n = 103 - q. What is the tens digit of n?
6
Let c(h) = -6*h**2 + 4*h. Let d be c(5). Let a = d + 249. What is the tens digit of a?
1
Let v(q) = 188*q**2 - 24*q - 81. What is the hundreds digit of v(-3)?
6
Let z = -907 + 1612. What is the units digit of z?
5
Let t(f) = f**2 + 8*f + 16. Let g(w) = -w**3 - 7*w**2 - 5*w + 10. Let r be g(-6). Suppose r*u = 2*j - j - 46, -42 = 4*u - 3*j. What is the units digit of t(u)?
4
Let h be 2 - -3*27 - (4 - 1). Suppose 116 = 2*u - h. What is the units digit of u?
8
Let y = 323 - 123. Suppose 0*h - 5*h = -y. What is the units digit of h?
0
Let u(t) = 15*t**3 - t**2 + 5*t - 4. What is the units digit of u(5)?
1
Let x be (22 + -11)/(1/51). Let g = -339 + x. What is the units digit of g?
2
Let d(k) = -11*k - 35. Let w be d(-22). Let l = w - 127. What is the tens digit of l?
8
Let q = 52 - -534. What is the hundreds digit of q?
5
Let p = -9 - -18. Suppose -p = d - 3*u + 7, 3*u = 3*d + 24. What is the units digit of -1 + (d - -3) - -42?
0
Suppose 2*k - 21 - 153 = -4*q, -93 = -k - 4*q. What is the tens digit of k?
8
Suppose -2*l + 4*l - 14 = 0. Let h(v) = -7 + 5 - l - 2*v. What is the units digit of h(-6)?
3
Suppose 5 = 5*b + 4*s, 5*b - 2*s = -0*b - 25. Let k = 189 - b. What is the tens digit of k?
9
Let m(f) = -f**3 - 5*f**2. Let u be m(-6). Let t(p) = -p**3 + 5*p**2 - 4*p - 4. Let w be t(5). What is the tens digit of 71/3 + w/u?
2
Suppose 0 = -2*z - 2*k + 2816, 16*z - 17*z + k + 1416 = 0. What is the tens digit of z?
1
Let y(l) = 11*l**2 + 6*l + 18. Let j be y(-3). Suppose v = 26 + j. What is the hundreds digit of v?
1
Suppose 3*p = -4*q + 11, -q + 6*p = p + 26. Let i = q + 1. Suppose 0 = -0*l + 3*l - 4*u - 81, -l - 2*u + 17 = i. What is the units digit of l?
3
Suppose -4*x = 24 + 240. Let f = 48 - x. What is the hundreds digit of f?
1
Let z be (-1 + 0)*(-3 - 1). Let x(q) = -q**3 + 6*q**2 - 2*q. What is the tens digit of x(z)?
2
Suppose 55 - 16 = -3*c. Let z(l) = l + 12. Let i be z(c). What is the tens digit of (-36)/i + -2 + -1?
3
Let w = 60 - 42. What is the tens digit of w?
1
What is the hundreds digit of 3/21 - (2 + (-10316)/14)?
7
Let s be -5*(4/2 + -10). Suppose 2*l - x - s = 3*x, 0 = 4*l - 2*x - 62. What is the units digit of l?
4
Suppose 7*c - 4 - 52 = 0. Suppose 0 = -c*a - 238 + 806. What is the units digit of a?
1
Let v(j) = -7*j**2 - 10*j - 4. Let c(n) = -6*n**2 - 9*n - 4. Let f(r) = -5*c(r) + 4*v(r). What is the tens digit of f(-4)?
1
Suppose 32*z - 34*z = -468. Suppose 2*n - 165 - z = -t, -192 = -n + t. What is the tens digit of n?
9
Let o(v) be the first derivative of -31 + 15*v + 16 - 2*v**2 + 17. What is the tens digit of o(-7)?
4
Suppose 5*q - 144 = 2*l + l, q = 2*l + 26. Let s = 86 + q. What is the tens digit of s?
1
Let y(w) = 79*w. What is the hundreds digit of y(2)?
1
Suppose -3654 = -l - 0*f - 4*f, 0 = -4*l - 4*f + 14568. What is the tens digit of l?
3
Let o be (12/10)/(10/25). Suppose p - z + 36 = -o*z, 3*p + 2*z = -100. What is the tens digit of (-2 + p)/(-2) + 4?
2
Suppose 5*y - 47 = -5*b + 23, 5*y + 3*b = 68. Suppose -3*c + y = g, -2*g + 3 = 2*c - 7. Suppose -2*d - c = -6*d. What is the units digit of d?
1
What is the thousands digit of ((-27340)/60)/((-3)/(-18)*-2)?
1
Let m be 1*(-3 - -31)/4. Let y be (-1 - 1) + (m - 5). Suppose -u - 5*v + 13 = 0, 0 = -y*u + 3*u + 5*v - 49. What is the tens digit of u?
1
Let x(y) be the second derivative of 35*y**3/6 - 5*y**2/2 + 4*y. What is the units digit of x(3)?
0
Suppose -20*j + 1647 = -11*j. What is the tens digit of j?
8
Suppose 4*u + 4*k = -u + 5, -k = u - 2. Let p = -7 - -3. Let i = u - p. What is the units digit of i?
1
Let p(v) = -v**3 - 4*v**2 - 6*v - 5. Let h be -7*(-4)/8*4. Let z(k) = k**2 - 13*k - 18. Let d be z(h). What is the units digit of p(d)?
9
Suppose -5*j + q + 12 = 0, -2 + 0 = q. What is the tens digit of 9 + 15 - (j + -2)?
2
What is the units digit of 33*23 - 68/(-34)?
1
Let k(c) = -5*c - 52. Let o be k(-10). What is the units digit of 16/(-6) - o/3 - -218?
6
Let b(l) = -l**3 + 11*l**2 - 20*l + 19. Let k be b(9). What is the tens digit of 72/48*(k + 866/6)?
1
Let x(r) = 652*r**2 - 11 - 4*r + 2*r - 648*r**2. What is the tens digit of x(5)?
7
Suppose 2*d = 3*o + 3210, -2*d = -7*o + 9*o - 3200. What is the units digit of d?
2
Suppose -u + 13 = m, 5*m + 8 + 18 = 2*u. Let w be 1*(0 + u) + -2. Suppose -2*x = -x - 3*z - w, z + 12 = 2*x. What is the units digit of x?
5
What is the hundreds digit of (-24)/64 + (-13641)/(-24)?
5
Let y(g) = -g**3 - 11*g**2 + 20*g + 7. Let l be y(-14). Suppose i + 6*u - 3*u = 175, -2*i + l = -u. What is the units digit of i?
0
Let n = 75 + -95. Let m = n + 116. What is the tens digit of m?
9
Suppose 0 = -c - 0*c + 2. Suppose 7*f - 241 = 3*f - 3*x, -3*x = c*f - 125. What is the units digit of f?
8
Let r(h) = -h**3 + 7*h**2 - 9*h - 1. Let s be r(4). Suppose -s = -x + 13. What is the units digit of x?
4
Suppose -2*f - 2*f = -36. Let r = f + -9. Suppose -4*j + q + 165 = r, -5*j = -q - q - 204. What is the tens digit of j?
4
Suppose -q - q - f - 11 = 0, 4 = 4*f. Let i(x) = -x**2 - 10*x - 9. Let t be i(q). Let d = t - 4. What is the tens digit of d?
1
Let